 Determine p(t).
16
Let a(t) be the second derivative of -t**3 - 119*t**2/2 + 14*t - 80. What is a(-22)?
13
Let g(c) be the first derivative of -5*c**2/2 - 39*c + 1434. Determine g(-8).
1
Let y(s) = -208350*s + 5 + 208349*s - 19. Give y(-7).
-7
Let g(s) = -2. Let z(r) = 2*r + 17. Let t(l) = -18*g(l) - 2*z(l). Let o(j) = -3*j + 4. Let w(d) = 5*o(d) - 4*t(d). What is w(-8)?
4
Let w(t) = 13 - 52 - 333*t + 350*t + t**2. Give w(-19).
-1
Let z(w) = -w**3 + w**2 - 2. Let s be z(3). Let i = s + 12. Let d(p) = 3*p**2 - 11*p - 11. Let c(g) = -g**2 + g + 1. Let l(j) = 4*c(j) + d(j). What is l(i)?
-15
Let r(f) = 4 - 3 + 10*f**2 - 2. Let d(v) = -19*v**2 + 2. Let w(k) = -6*d(k) - 11*r(k). Suppose j = -3*p - 2, -5 = -5*j + 5*p - 15. What is w(j)?
15
Let w(j) = -6*j**2 + 19. Let c(m) = -13*m**2 + 45. Let l(t) = 3*c(t) - 7*w(t). What is l(2)?
14
Let y(q) = 7*q + 24. Let l be y(4). Let s be 2/3 + l/12 + -4. Let h be ((-70)/(-14))/(0 + s). Let v(x) = x**2 - 2*x + 4. Determine v(h).
19
Let m(u) = u**3 - 7*u**2 - 8*u + 5. Let w(h) = 2*h**3 - 13*h**2 - 16*h + 11. Let d(o) = -5*m(o) + 3*w(o). Suppose -4196*r + 20 = -4261*r + 410. Determine d(r).
32
Let r be ((-6)/8 - (-8730)/(-360))*40/(-25). Let y(c) = 2*c**2 - 78*c - 86. What is y(r)?
-6
Let h be (10/6)/(65/234) - 16. Let w(i) = -8*i - 45. Determine w(h).
35
Let n be 1*((-6)/36)/((-1)/6). Let c be n/(5*(-7)/(-35)). Let h(x) = -7*x**2 - x + 1. Give h(c).
-7
Let t(a) = -3*a**3 + 2*a**2 + 6*a - 1. Let z be t(-3). Let r = z - 71. Let j(l) = l**3 - 10*l**2 + 10*l + 3. Determine j(r).
12
Let z(x) = -8*x - 7. Suppose -17*q + 12*q - 10 = 0. Let y(n) = -3*n**2 - 3*n. Let o be y(q). What is z(o)?
41
Let j(u) = u**3 - 111*u**2 + 3*u - 321. Let t be j(111). Let v(r) = r**3 - 12*r**2 - 3*r + 49. Determine v(t).
13
Let r(h) = -h**3 - 14*h**2 - 12*h + 8. Suppose 5*m - 125 - 460 = 0. Suppose m = -31*y + 22*y. Determine r(y).
-5
Let i(l) = 885*l - 1768*l + 885*l - l**2 + 6 - 78. Calculate i(0).
-72
Suppose 24*a - 192 = 12*a. Suppose 3*m + 10 = a. Let n(d) = -6*d. Give n(m).
-12
Let r(h) be the third derivative of h**5/60 + h**4/8 - 4073*h**2. Calculate r(0).
0
Let k(r) be the second derivative of -r**5/20 + r**4/2 + r**3/3 + 6*r**2 + 333*r + 2. Give k(6).
24
Let r(s) = s**3 - s**2 - s + 18. Let t = 669 - 350. Let h = t + -319. Determine r(h).
18
Let l = -6 - -10. Let j(u) = u**3 + 11*u**2 - 2*u - 13. Let t(c) = -c**3 - 14*c**2 + 3*c + 15. Let f(g) = 6*j(g) + 5*t(g). Calculate f(l).
9
Let o(y) = -1 - 2*y**2 + 532*y - 519*y + 7*y**2 - y**3. Determine o(7).
-8
Let l(u) be the first derivative of u**4/2 + u**3 + 3*u**2/2 + 3*u + 503. Let c(i) = i**2 + 6*i + 6. Let j be c(-4). Determine l(j).
-7
Let r(b) = -3*b**2 - 84*b + 17. Let j be r(-28). Suppose -10 = -k - 3*z, -3*k = -2*z - 2*z - j. Let q(a) = 2*a + a**2 - 6*a - 4*a. Determine q(k).
-7
Let s be 6 - ((-35)/7 - 0). Suppose 0 = -s*u + 3*u - 48. Let b(d) = -d**3 - 6*d**2 - d + 2. What is b(u)?
8
Let t be (20/(-6) + 0)/(24/(-36)). Suppose -x - t = 4*r, -5*x + 29*r - 33*r = -23. Let m(j) = j - 1. Determine m(x).
6
Let l be 8/(-2) + 3 - -3. Let v be (4 - 22)*-1*1/l. Suppose v*d = 2*d + 63. Let i(t) = -t + 5. Calculate i(d).
-4
Let l(o) = 9*o + 61. Suppose -11*g + 7244 = -48*g + 6948. Give l(g).
-11
Suppose 2*b = 3*k - 15, -b + 2*k - 93 = -87. Let n(l) = 6*l + 23. Determine n(b).
-49
Let z(v) = -v**2 - 9*v - 3. Let l = -3370 - -3361. What is z(l)?
-3
Let w(m) = m**2 + 5*m - 7. Let j(y) = -3 + 142*y - 142*y - 5 + y**2. Let g be j(5). Suppose g*t - 22*t - 35 = 0. Calculate w(t).
7
Suppose 0 = -5*j - 3*l - 49, 3*j = 7*l - 2*l - 43. Let z = j + 5. Let t(w) be the first derivative of -w**3/3 - 9*w**2/2 - 8*w - 678. What is t(z)?
10
Suppose 3*y - s + 4 - 8 = 0, -3*s + 6 = -3*y. Let a(o) = 2*o - 55 - 51 - 53 + 165 - y*o. What is a(-12)?
18
Let g(w) = 11*w**3 + 38*w**2 + 27. Let l(i) = -5*i**3 - 18*i**2 - 13. Let y = -133 + 137. Let p(m) = y*g(m) + 9*l(m). What is p(-10)?
-9
Let i = 634 - 623. Let n(p) = -p + 39 - i - p**3 - p**2 - 32. Calculate n(0).
-4
Let d(q) = 249*q - 5 - 490*q - 6*q**2 + 240*q + q**3. Calculate d(6).
-11
Let u(q) = q**3 - 8*q**2 + 2*q - 11. Suppose 0 = -9*f + 867 + 285. Suppose -50*o = -66*o + f. What is u(o)?
5
Let r be (-72)/(-126)*(-14)/(-4). Let n(w) = -11*w - 2 - r - 12*w + 27*w + 3*w**2 + 1. What is n(2)?
17
Let o be 12 + -30 - (-11 + (3 - 0)). Let f(b) = -b**3 - 8*b**2 - 6*b - 256. Give f(o).
4
Let b(i) = i**3 + 6*i**2 + i + 4. Suppose -18*a = -8*a - 420. Suppose -25*z + 32*z + a = 0. Calculate b(z).
-2
Let w(k) be the first derivative of -7*k**3 - 3*k**2/2 - 2*k + 2885. Give w(2).
-92
Let i(c) be the first derivative of 23*c**2/2 + c - 591. Give i(1).
24
Let w(p) = -p**2 - 46*p - 167. Let t = 758 + -762. Calculate w(t).
1
Let n(j) = -680*j**2 + 19 - 5*j + 1404*j**2 - 725*j**2. Give n(-6).
13
Let r(s) = -14521*s**2 - 14513*s**2 + 29088*s**2 + s. Determine r(-1).
53
Suppose -75*p = -84*p + 9. Let u(k) = 2*k**3 - k**2 + k + 1. Let f(n) = -5*n**3 + 3*n**2 - n - 16. Let o(s) = p*f(s) + 2*u(s). What is o(0)?
-14
Let m(d) be the third derivative of -1/6*d**3 - 2*d**2 + 0 + 0*d + 1/8*d**4. Suppose -4*f - 27 = z, 0 = -285*f + 284*f - 8. What is m(z)?
14
Let y(m) = -10*m - 68. Let b(k) = 7*k + 58. Let f(r) = -4*b(r) - 3*y(r). What is f(-12)?
-52
Let n(c) = 3*c - 1605 + 1617 + c - 3*c. Let k(u) = 2*u**2 - 14*u + 11. Let o be k(5). Determine n(o).
3
Suppose 0 = -0*v + 4*v + 4*x - 16, 5*v + 4*x = 19. Let k = v + -10. Let u(p) be the second derivative of -p**4/12 - 3*p**3/2 - 5*p**2 + 2537*p. Give u(k).
4
Let n(s) be the second derivative of -s**3 - 37*s**2 + 61*s - 7. Calculate n(-24).
70
Let p(a) = a + 3*a + 0*a - 5*a. Suppose 312*f - l = 315*f + 2, 5*l = 5*f - 10. Calculate p(f).
0
Suppose 50 - 274 = -2*d. Let v(q) = -56*q + d*q - 57*q + 1. Suppose 28 = 5*a - 4*i + 78, 25 = -5*a - i. What is v(a)?
7
Let b(j) = 4*j - 31. Let o = 4956 + -4950. What is b(o)?
-7
Suppose 2*k = 2*b - 10, k + 0*k = 4*b - 14. Let q(u) = b*u + 4*u**2 + 2*u**2 - 2 + 132*u**3 + 7 - 131*u**3. What is q(-6)?
-13
Let z(s) = 19*s - 109. Let p be (5/(-4))/((-1585)/120 - -13). Determine z(p).
5
Let q(x) = -40*x - 10. Let c(g) = 14*g + 3. Suppose -20 = m + i, -6*m + 4*m - 3*i - 43 = 0. Let u(t) = m*c(t) - 6*q(t). Determine u(5).
19
Let z be (-26)/(-234) - (-92)/(-18). Let c(p) = -23*p - 55. Calculate c(z).
60
Let z(f) = 3*f - 2. Let y(q) = -9*q + 5. Suppose -8 = -26*g + 28*g. Let i(m) = g*y(m) - 11*z(m). Determine i(2).
8
Let w(q) = 8*q + 3. Let x(p) be the second derivative of -p**3/6 + 11*p. Let a(d) = -w(d) - 6*x(d). Give a(3).
-9
Let j(v) be the second derivative of 0*v**3 - 35*v - 2*v**2 + 0 - 1/12*v**4. What is j(-5)?
-29
Let u(r) = 6*r - 49. Let c be u(8). Let s = -1 - c. Let g(i) = -4 + 2*i - 3*i + 3 - 4. What is g(s)?
-5
Suppose -107*x = -117*x - 20. Let n(r) = 6*r + 9. What is n(x)?
-3
Let a(g) = -3*g + 79. Let o(q) = -2*q**3 + 16*q**2 + 41*q + 22. Let y be o(-2). What is a(y)?
19
Let l(i) be the third derivative of 17 + 1/8*i**4 + 4*i**2 + 0*i - 2/3*i**3. Calculate l(-4).
-16
Let t(h) = -h**3 + 7*h**2 + 3*h - 10. Let i(x) = -5*x - 58. Suppose 657 = -17*m + 8*m. Let j be m + 76 + (-1 - 3*5). Let r be i(j). Determine t(r).
11
Suppose 4*w = -4*a - 52, -3*a - 6 = -a - 2*w. Let v(t) = 2*t**3 - 24*t**2 + t - 5. Let s be v(12). Let q(o) = -4*o - 7*o - s*o - 8*o - 10 + 23*o. What is q(a)?
14
Let w = -160 - -90. Let f = w + 68. Let h(s) be the third derivative of -s**5/20 + s**3/3 - 5*s**2. Determine h(f).
-10
Let j(y) = 3*y. Suppose o - 8 = -w - 9, 2*o + 4*w + 4 = 0. What is j(o)?
0
Let n(y) be the second derivative of 2*y**3/3 + 15*y**2/2 + 35*y + 18. Calculate n(-3).
3
Let p(n) = 39*n**2 + 16*n + 113*n**3 - 36 - 52*n**2 - 112*n**3. Calculate p(12).
12
Let h(b) = -4*b - 33. Let g(o) be the second derivative of o**3/2 + 29*o**2/2 + o + 83. Let v(y) = -3*g(y) - 2*h(y). What is v(-11)?
-10
Let u(p) = p - 2. Suppose -5*o - 46 = -11. Let x(n) = n - 2. Let c(s) = o*u(s) + 6*x(s). Calculate c(3).
-1
Let o(w) be the first derivative of 0*w + 17 + 1/2*w**3 - 21/2*w**2 + 1/12*w**4 - 1/60*w**5. Let n(x) be the second derivative of o(x). What is n(-2)?
-5
Let m be 8/10*20/8. Let k(h) = h + 69. Let y(s) = 2*s + 312. Let n(u) = 9*k(u) - 2*y(u). What is n(m)?
7
Let n(g) = -64*g - 64*g + 155*g - 28*g + 2. What is n(